{"id":217,"date":"2023-04-21T00:16:06","date_gmt":"2023-04-21T00:16:06","guid":{"rendered":"https:\/\/kaibruening.de\/startseite\/?page_id=217"},"modified":"2023-04-21T00:16:08","modified_gmt":"2023-04-21T00:16:08","slug":"ueber-mich","status":"publish","type":"page","link":"https:\/\/kaibruening.de\/startseite\/ueber-mich\/","title":{"rendered":"\u00dcber mich"},"content":{"rendered":"<p>\u201d<\/p>\n<p style=\"\">Kai Br\u00fcning<\/p>\n<p style=\"\">\n<p style=\"\">Systemischer Coach (Institut f\u00fcr Bildungscoaching)<\/p>\n<p style=\"\">Lerncoach (Institut f\u00fcr Bildungscoaching)<\/p>\n<p style=\"\">NLP-Basis<\/p>\n<p style=\"\">\u200b<\/p>\n<p style=\"\">Lehrer f\u00fcr Gymnasien (Musik, Biologie)<\/p>\n<p style=\"\">Erfahrungen in allen Klassenstufen, Schulentwicklung, Schulleitung<\/p>\n<p style=\"\">\n<p style=\"\">verheiratet, sechs Kinder<\/p>\n<p style=\"color: rgba(0, 0, 0, 0.6) !important; --tcb-applied-color:rgba(0, 0, 0, 0.6)  !important;\">\u200b<\/p>\n","protected":false},"excerpt":{"rendered":"<p>\u201d Kai Br\u00fcning Systemischer Coach (Institut f\u00fcr Bildungscoaching) Lerncoach (Institut f\u00fcr Bildungscoaching) NLP-Basis \u200b Lehrer f\u00fcr Gymnasien (Musik, Biologie) Erfahrungen in allen Klassenstufen, Schulentwicklung, Schulleitung verheiratet, sechs Kinder \u200b<\/p>\n","protected":false},"author":1,"featured_media":0,"parent":0,"menu_order":0,"comment_status":"closed","ping_status":"closed","template":"","meta":{"om_disable_all_campaigns":false,"_monsterinsights_skip_tracking":false,"_monsterinsights_sitenote_active":false,"_monsterinsights_sitenote_note":"","_monsterinsights_sitenote_category":0,"footnotes":""},"aioseo_notices":[],"_links":{"self":[{"href":"https:\/\/kaibruening.de\/startseite\/wp-json\/wp\/v2\/pages\/217"}],"collection":[{"href":"https:\/\/kaibruening.de\/startseite\/wp-json\/wp\/v2\/pages"}],"about":[{"href":"https:\/\/kaibruening.de\/startseite\/wp-json\/wp\/v2\/types\/page"}],"author":[{"embeddable":true,"href":"https:\/\/kaibruening.de\/startseite\/wp-json\/wp\/v2\/users\/1"}],"replies":[{"embeddable":true,"href":"https:\/\/kaibruening.de\/startseite\/wp-json\/wp\/v2\/comments?post=217"}],"version-history":[{"count":4,"href":"https:\/\/kaibruening.de\/startseite\/wp-json\/wp\/v2\/pages\/217\/revisions"}],"predecessor-version":[{"id":229,"href":"https:\/\/kaibruening.de\/startseite\/wp-json\/wp\/v2\/pages\/217\/revisions\/229"}],"wp:attachment":[{"href":"https:\/\/kaibruening.de\/startseite\/wp-json\/wp\/v2\/media?parent=217"}],"curies":[{"name":"wp","href":"https:\/\/api.w.org\/{rel}","templated":true}]}}